f(n) = 57*n**3 + 3*n**2 + 2*n + 4. Let x be f(-2). Let o(a) = -2*a - 2. Let k be o(2). What is the remainder when (x/(-8))/((-3)/k) is divided by 29?
24
Let h(l) = 42*l**2 - 35*l - 315. What is the remainder when h(-4) is divided by 167?
163
Suppose 3*f + 0*j = 4*j + 3, -5*f - j + 28 = 0. Suppose -58 = 3*x - 4*i, f*i = -x - 0*x - 51. Let s = x - -38. What is the remainder when 28 is divided by s?
4
Suppose -3*v + 6 = -u, 13*u + 6 = 11*u. What is the remainder when 176 is divided by (-6)/v + -7 + 1 + 49?
28
Suppose -70*u + 5*i + 102 = -69*u, 0 = 2*u + 5*i - 204. What is the remainder when 823 is divided by u?
7
Calculate the remainder when (2453/22)/((-5)/(-2) + -2) is divided by 14.
13
Suppose 1099 = -1014*c + 1021*c. Calculate the remainder when 308 is divided by c.
151
Let v = -154 - -160. Let o(x) = x**3 - 12*x**2 + 43*x - 5. Calculate the remainder when o(v) is divided by 23*1 + 4/(-2).
16
Let g(x) = x**2 - 29*x + 280. Let p be g(0). Let k = -273 + p. What is the remainder when 17 is divided by k?
3
Calculate the remainder when (-16)/(-12)*-12 - -219 is divided by 32.
11
Suppose -5*b - q + 73 = 0, 2*b = 3*q + 31 + 5. Suppose 1340 = 62*r - 52*r. Calculate the remainder when r is divided by b.
14
Suppose 32 = 2*r - 5*g - 21, 0 = -2*r - 2*g + 46. What is the remainder when 209 is divided by r?
17
Suppose z = -3*z + 180. Calculate the remainder when z is divided by (-1105)/(-52) - (16 - (-994)/(-56)).
22
Let t(x) be the first derivative of 17*x**2 + 21*x - 133. Calculate the remainder when 270 is divided by t(1).
50
Suppose 0 = -5*j, 5*k - 2*j - 4090 = -6*k + 6*k. What is the remainder when k is divided by 10?
8
Let l(i) = -2163*i - 1989. Calculate the remainder when l(-2) is divided by 1165.
7
Suppose -b = 8*b + 9. Let a = 18 + -3. What is the remainder when (-123 - -6 - 0)*(0 + b) is divided by a?
12
Suppose 349479 = 1364*l + 224*l - 22113. What is the remainder when l is divided by (204/(-9))/(-2)*3?
30
Suppose 406 - 395 = a. What is the remainder when 226 is divided by a?
6
Let b be (-158)/(-14) - 1*8/28. Suppose -332 = -b*w + 141. What is the remainder when 1 + (-9)/((-27)/372) is divided by w?
39
Suppose 226 = 3*n - 4*k, n - 5*k + 0 = 90. What is the remainder when 104 is divided by n?
34
Suppose 5*q - 231 = -86. Suppose 3*l - 4 = q. What is the remainder when 53 is divided by l?
9
Let i = -15 + 32. Suppose 14*k = -24*k. Suppose 3*t + d - 101 = 0, k*d = 2*t - 3*d - 49. What is the remainder when t is divided by i?
15
Let r = -962 - -999. Let v = 185 - 43. What is the remainder when v is divided by r?
31
Suppose -3*r = -4*s + 2*r + 20, 0 = -3*r - 12. Suppose -5*p = -s*p - 80. What is the remainder when (-4)/(-32) + 526/p is divided by 6?
3
Let b = -148 + 209. Let f = -20 + b. Suppose -14*h = -49 - 35. What is the remainder when f is divided by h?
5
Let o = -265 + 412. Let v(n) be the third derivative of -n**6/120 - n**5/6 - n**4/8 + 7*n**3/6 + 14*n**2. Calculate the remainder when o is divided by v(-10).
36
Let h = -10128 + 10225. What is the remainder when 120 is divided by h?
23
Suppose 5*x = 9*j - 5*j - 200, -2*j + 4*x = -94. What is the remainder when 268 is divided by j?
48
Let z(p) = -p + 17. Let n be z(14). Let c(x) = 35*x - 19*x + 2*x**2 + 0*x**3 - 2*x**n - 15*x. What is the remainder when c(-3) is divided by 24?
21
Let n = 163 + -161. Suppose 0 = -n*h - 2*a + 42, 7*h + 2*a = 8*h - 9. Calculate the remainder when 25 is divided by h.
8
Suppose -3*v - 4*m + 43 = -0*v, v - m = 26. Let j = v + 9. Let h = j - 8. Calculate the remainder when h is divided by 8.
6
Suppose 159*z - 231*z = -1656. What is the remainder when z is divided by 11?
1
Suppose -5*l + 235 = -i, -3*l = -3*i - 66 - 87. Suppose l*b - 32 = 42*b. Calculate the remainder when 28 is divided by b.
4
Let a(t) be the first derivative of 11*t**2/2 - 36*t + 74. Calculate the remainder when 84 is divided by a(6).
24
Let m(c) = 5*c + 6. Let n be m(9). Suppose v - n = -2*v. Calculate the remainder when v is divided by (-2)/((-9)/324*6).
5
Let l be 0 - (1512/(-26) + 6/39). Let s = -54 + l. Suppose 0 = o + 4*t - 4, 4*o - 7*o = s*t - 36. Calculate the remainder when 29 is divided by o.
13
What is the remainder when 54 is divided by (-691)/(-15) - ((-32)/(-15))/32?
8
Let r = -3212 + 3232. Let k = 104 - -4. What is the remainder when k is divided by r?
8
Let a = -138 + 4184. What is the remainder when a is divided by 75?
71
Suppose -z - 50 = -5*k + 3*k, -z = 4*k - 94. Let a be (87/(-9))/(3/9). Let j = a + 99. What is the remainder when j is divided by k?
22
Let d = 100 - 96. Suppose 116 - 200 = -d*n. Calculate the remainder when 41 is divided by n.
20
What is the remainder when 724 is divided by 2229/23 + 808/9292?
45
Let q(r) = -2*r + 30. Let x = 56 - 64. Let m be q(x). Suppose 4*n = 4*p - 2*p - m, 0 = 5*n. Calculate the remainder when 45 is divided by p.
22
What is the remainder when 745 is divided by (-6)/8*(-10688)/1002?
1
Calculate the remainder when (4/(-14))/((-55)/3465) is divided by 18.
0
Let f = -4262 - -5063. What is the remainder when f is divided by 12?
9
Let s(c) = -c**3 + 3*c**2 - 6*c - 11. Let p(t) = -5*t**3 + 13*t**2 - 25*t - 44. Let b(j) = 2*p(j) - 9*s(j). Calculate the remainder when b(0) is divided by 4.
3
Let v(b) = -b**3 - 7*b**2 - 4*b + 12. Let d be v(-6). Suppose d = -7*a - a + 344. Calculate the remainder when a is divided by ((-6)/2)/(-3)*23.
20
Let a = 9 - -7. Suppose -21*n = -a*n - 755. Calculate the remainder when n is divided by 46.
13
Suppose j + 2*v + 7 = 16, 5*v + 44 = j. Let x(s) = -26*s - 4*s**2 + 84 - j + 3*s**2 - s. Calculate the remainder when 19 is divided by x(-29).
5
Suppose 18*k = 13*k + 135. Suppose 22*r - k*r = -35. Suppose q = -r*q + 440. What is the remainder when 218 is divided by q?
53
Let q = -152 + 172. What is the remainder when 60 is divided by q + -1 + (-4 - (-4 + 3))?
12
Suppose 1000 = 89*l - 2916. Calculate the remainder when 2943 is divided by l.
39
Suppose 5*b - 2*k = 870, 0 = -3*k - 0*k. Let f = b + -163. What is the remainder when 195 is divided by f?
8
Let u = -20687 - -21091. What is the remainder when 1034 is divided by u?
226
Let j(q) be the second derivative of q**5/20 + 25*q**4/12 - q**3/6 + 35*q**2/2 + 5*q - 1. Calculate the remainder when j(-25) is divided by 31.
29
Let n = -274 - -600. Suppose -328*j + 18 = -n*j. Calculate the remainder when (8/(-12))/(4/(-102)) is divided by j.
8
Suppose o + 7 = 3*y, 4*y - o = -3*o + 26. Let p(w) = -w**3 + 4*w**2 - 9*w - 1. Let c be p(y). Let b = -28 - c. Calculate the remainder when 17 is divided by b.
8
Let f = -85 + 262. Let v = f + -169. Calculate the remainder when 22 is divided by v.
6
Suppose 24 = 5*m - 1. Suppose -5*r = -3*l + 148, m*r = r - 8. Suppose 6 = l*i - 43*i. Calculate the remainder when 2 is divided by i.
0
What is the remainder when ((-4)/(-30) - 982/15)/((-2)/9) is divided by 8?
6
Suppose -3*w + 5*h + 30 = 2*w, 5*w + h - 6 = 0. Suppose -5*b + 5*r = -340 - 45, b - 72 = w*r. Calculate the remainder when 131 is divided by b.
49
What is the remainder when (18/((-576)/112))/(1/(-34)) is divided by 43?
33
Suppose -5*s + 65 = -0*s. Suppose 0 = -8*r + s*r - 430. Suppose 551 = 15*j + r. Calculate the remainder when 89 is divided by j.
27
What is the remainder when 1355 is divided by 33 - 38 - ((-175)/(-2))/((-7)/14)?
165
Let j = -941 - -953. Calculate the remainder when 228 is divided by j.
0
Calculate the remainder when 2*7 - (-11 + (-26)/(-2)) is divided by 6.
0
Suppose 0 = 312*w + 73*w - 14245. Calculate the remainder when 3106 is divided by w.
35
Let p = -5242 + 5323. Calculate the remainder when 1130 is divided by p.
77
What is the remainder when (-10542)/(-91) + 2/13 is divided by 9?
8
Suppose 45*o - 893 = 3067. Calculate the remainder when o is divided by 23 - 0 - (-3)/4*4.
10
Let r = -21701 + 21750. Calculate the remainder when 335 is divided by r.
41
Let n be 90/8 + (-4 - 30/(-8)). Let t(b) = 0*b + n + 5*b + 3 - 4*b. Calculate the remainder when t(-11) is divided by 2.
1
Let d(z) = 2*z**3 + 11*z**2 + 3*z - 10. Let k be d(-5). Let f(x) = 33 - 4*x + k*x + 4*x - x. Calculate the remainder when f(14) is divided by 10.
9
Let j = 49 + -24. Suppose -242*u + 38646 = -16*u. What is the remainder when u is divided by j?
21
Calculate the remainder when 385 is divided by 